{"id":2919,"date":"2018-07-17T18:01:37","date_gmt":"2018-07-17T16:01:37","guid":{"rendered":"https:\/\/www.safersurfing.org\/loveismore\/?page_id=2919"},"modified":"2019-02-12T11:56:49","modified_gmt":"2019-02-12T09:56:49","slug":"pomoc-s-pornografiou","status":"publish","type":"page","link":"https:\/\/www.safersurfing.org\/loveismore-sk\/pomoc-s-pornografiou\/","title":{"rendered":"Pomoc s pornografiou"},"content":{"rendered":"<p><div class=\"fusion-fullwidth fullwidth-box fusion-builder-row-1 fusion-flex-container nonhundred-percent-fullwidth non-hundred-percent-height-scrolling\" style=\"--awb-border-radius-top-left:0px;--awb-border-radius-top-right:0px;--awb-border-radius-bottom-right:0px;--awb-border-radius-bottom-left:0px;--awb-flex-wrap:wrap;\" ><div class=\"fusion-builder-row fusion-row fusion-flex-align-items-flex-start fusion-flex-content-wrap\" style=\"max-width:calc( 1170px + 0px );margin-left: calc(-0px \/ 2 );margin-right: calc(-0px \/ 2 );\"><div class=\"fusion-layout-column fusion_builder_column fusion-builder-column-0 fusion_builder_column_1_1 1_1 fusion-flex-column fusion-lightbox-link\" style=\"--awb-bg-size:cover;--awb-width-large:100%;--awb-margin-top-large:0px;--awb-spacing-right-large:0px;--awb-margin-bottom-large:0px;--awb-spacing-left-large:0px;--awb-width-medium:100%;--awb-spacing-right-medium:0px;--awb-spacing-left-medium:0px;--awb-width-small:100%;--awb-spacing-right-small:0px;--awb-spacing-left-small:0px;\"><div class=\"fusion-column-wrapper fusion-flex-justify-content-flex-start fusion-content-layout-column\"><div class=\"fusion-text fusion-text-1\"><h2 style=\"text-align: center;\">Pomoc s pornografiou<\/h2>\n<p style=\"text-align: center;\">Vytvorte \u017eivot vo vo\u013enosti, n\u00e1jdite cestu von zo z\u00e1vislosti. Pon\u00fakame pomoc a rady pre \u013eud\u00ed, ktor\u00ed pr\u00e1ve h\u013eadaj\u00fa.<br \/>\nPornografia je zjavne nepou\u017eite\u013en\u00e1 a zbavuje sa kvality \u017eivota. Na z\u00e1klade \u017eivotn\u00fdch pr\u00edbehov, \u0161t\u00fadi\u00ed a o\u010dami otv\u00e1rac\u00edch svedectiev, ktor\u00e9 chceme uk\u00e1za\u0165<br \/>\nako pekn\u00e9 je necha\u0165 z\u00e1vislos\u0165 za sebou.<\/p>\n<\/div><\/div><\/div><\/div><\/div><div class=\"fusion-fullwidth fullwidth-box fusion-builder-row-2 fusion-flex-container nonhundred-percent-fullwidth non-hundred-percent-height-scrolling\" style=\"--awb-border-radius-top-left:0px;--awb-border-radius-top-right:0px;--awb-border-radius-bottom-right:0px;--awb-border-radius-bottom-left:0px;--awb-padding-top:35px;--awb-padding-bottom:35px;--awb-flex-wrap:wrap;\" ><div class=\"fusion-builder-row fusion-row fusion-flex-align-items-flex-start fusion-flex-content-wrap\" style=\"max-width:calc( 1170px + 0px );margin-left: calc(-0px \/ 2 );margin-right: calc(-0px \/ 2 );\"><div class=\"fusion-layout-column fusion_builder_column fusion-builder-column-1 fusion_builder_column_1_1 1_1 fusion-flex-column\" style=\"--awb-bg-size:cover;--awb-width-large:100%;--awb-margin-top-large:0px;--awb-spacing-right-large:0px;--awb-margin-bottom-large:20px;--awb-spacing-left-large:0px;--awb-width-medium:100%;--awb-spacing-right-medium:0px;--awb-spacing-left-medium:0px;--awb-width-small:100%;--awb-spacing-right-small:0px;--awb-spacing-left-small:0px;\"><div class=\"fusion-column-wrapper fusion-flex-justify-content-center fusion-content-layout-column\"><div class=\"fusion-separator fusion-full-width-sep\" style=\"align-self: center;margin-left: auto;margin-right: auto;margin-top:35px;width:100%;\"><\/div><div class=\"fusion-text fusion-text-2\"><h2 style=\"text-align: center;\">Pr\u00edspevky na pornografiu<\/h2>\n<\/div><div class=\"fusion-separator fusion-full-width-sep\" style=\"align-self: center;margin-left: auto;margin-right: auto;margin-top:35px;width:100%;\"><\/div><div class=\"fusion-blog-shortcode fusion-blog-shortcode-1 fusion-blog-archive fusion-blog-layout-grid-wrapper fusion-blog-no fusion-blog-layout-center\"><style type=\"text\/css\">.fusion-blog-shortcode-1 .fusion-blog-layout-grid .fusion-post-grid{padding:20px;}.fusion-blog-shortcode-1 .fusion-posts-container{margin-left: -20px !important; margin-right:-20px !important;}<\/style><div class=\"fusion-posts-container fusion-posts-container-no fusion-blog-layout-grid fusion-blog-layout-grid-3 isotope fusion-blog-equal-heights\" data-pages=\"5\" data-grid-col-space=\"40\" style=\"margin: -20px -20px 0;min-height:500px;\"><article id=\"blog-1-post-3582\" class=\"fusion-post-grid post-3582 post type-post status-publish format-standard has-post-thumbnail hentry category-pomoc-s-pornografiou\">\n<div class=\"fusion-post-wrapper\" style=\"background-color:rgba(210,225,248,1);border:1px solid #ffffff;border-bottom-width:3px;\">\n\n\t\t\t<div class=\"fusion-flexslider flexslider fusion-flexslider-loading fusion-post-slideshow\" style=\"border-color:#ffffff;\">\n\t\t<ul class=\"slides\">\n\t\t\t\n\t\t\t\t\t\t\t\t\t\t\t\t\t\t<li><div  class=\"fusion-image-wrapper\" aria-haspopup=\"true\">\n\t\t\t\t\t\t\t<a href=\"https:\/\/www.safersurfing.org\/loveismore-sk\/proti-sexualnemu-hriechu\/\" aria-label=\"\u010co robi\u0165 v boji proti sexu\u00e1lnemu hriechu\">\n\t\t\t\t\t\t\t<img decoding=\"async\" width=\"800\" height=\"500\" src=\"https:\/\/www.safersurfing.org\/loveismore-sk\/wp-content\/uploads\/sites\/22\/2018\/09\/lars_nissen_photoart_pixabay_800_500_kBn.jpg\" class=\"attachment-full size-full wp-post-image\" alt=\"\" srcset=\"https:\/\/www.safersurfing.org\/loveismore-sk\/wp-content\/uploads\/sites\/22\/2018\/09\/lars_nissen_photoart_pixabay_800_500_kBn-200x125.jpg 200w, https:\/\/www.safersurfing.org\/loveismore-sk\/wp-content\/uploads\/sites\/22\/2018\/09\/lars_nissen_photoart_pixabay_800_500_kBn-400x250.jpg 400w, https:\/\/www.safersurfing.org\/loveismore-sk\/wp-content\/uploads\/sites\/22\/2018\/09\/lars_nissen_photoart_pixabay_800_500_kBn-600x375.jpg 600w, https:\/\/www.safersurfing.org\/loveismore-sk\/wp-content\/uploads\/sites\/22\/2018\/09\/lars_nissen_photoart_pixabay_800_500_kBn.jpg 800w\" sizes=\"(min-width: 2200px) 100vw, (min-width: 784px) 363px, (min-width: 712px) 545px, (min-width: 640px) 712px, \" \/>\t\t\t<\/a>\n\t\t\t\t\t\t\t<\/div>\n<\/li>\n\t\t\t\n\t\t\t\n\t\t\t\t\t\t\t\t\t\t\t\t\t\t\t\t\t\t\t\t\t\t\t\t\t\t\t\t\t\t\t\t\t\t\t\t\t\t\t\t\t\t\t\t\t\t\t\t\t\t\t\t\t\t\t\t\t\t\t\t\t\t\t\t\t\t\t\t<\/ul>\n\t<\/div>\n\t<div class=\"fusion-post-content-wrapper\" style=\"padding:40px 40px 40px 40px;\"><div class=\"fusion-post-content post-content\"><h2 class=\"blog-shortcode-post-title entry-title\"><a href=\"https:\/\/www.safersurfing.org\/loveismore-sk\/proti-sexualnemu-hriechu\/\">\u010co robi\u0165 v boji proti sexu\u00e1lnemu hriechu<\/a><\/h2><div class=\"fusion-content-sep sep-none\"><\/div><div class=\"fusion-post-content-container\"><p>Porno a sexu\u00e1lny hriech \u2013 kame\u0148om \u00farazu v spojen\u00ed s Bohom<\/p><\/div><\/div><div class=\"fusion-meta-info\"><div class=\"fusion-aligncenter\"><a class=\"fusion-read-more\" href=\"https:\/\/www.safersurfing.org\/loveismore-sk\/proti-sexualnemu-hriechu\/\" aria-label=\"More on \u010co robi\u0165 v boji proti sexu\u00e1lnemu hriechu\">Preberi ve\u010d<\/a><\/div><\/div><\/div><div class=\"fusion-clearfix\"><\/div><\/div>\n<\/article>\n<article id=\"blog-1-post-3579\" class=\"fusion-post-grid post-3579 post type-post status-publish format-standard has-post-thumbnail hentry category-pomoc-s-pornografiou\">\n<div class=\"fusion-post-wrapper\" style=\"background-color:rgba(210,225,248,1);border:1px solid #ffffff;border-bottom-width:3px;\">\n\n\t\t\t<div class=\"fusion-flexslider flexslider fusion-flexslider-loading fusion-post-slideshow\" style=\"border-color:#ffffff;\">\n\t\t<ul class=\"slides\">\n\t\t\t\n\t\t\t\t\t\t\t\t\t\t\t\t\t\t<li><div  class=\"fusion-image-wrapper\" aria-haspopup=\"true\">\n\t\t\t\t\t\t\t<a href=\"https:\/\/www.safersurfing.org\/loveismore-sk\/sexualna-triezvost-nestaci\/\" aria-label=\"Sexu\u00e1lna triezvost nestac\u00ed\">\n\t\t\t\t\t\t\t<img decoding=\"async\" width=\"800\" height=\"500\" src=\"https:\/\/www.safersurfing.org\/loveismore-sk\/wp-content\/uploads\/sites\/22\/2018\/09\/victor-freitas_800_500_unsplash_kBn.jpg\" class=\"attachment-full size-full wp-post-image\" alt=\"\" srcset=\"https:\/\/www.safersurfing.org\/loveismore-sk\/wp-content\/uploads\/sites\/22\/2018\/09\/victor-freitas_800_500_unsplash_kBn-200x125.jpg 200w, https:\/\/www.safersurfing.org\/loveismore-sk\/wp-content\/uploads\/sites\/22\/2018\/09\/victor-freitas_800_500_unsplash_kBn-400x250.jpg 400w, https:\/\/www.safersurfing.org\/loveismore-sk\/wp-content\/uploads\/sites\/22\/2018\/09\/victor-freitas_800_500_unsplash_kBn-600x375.jpg 600w, https:\/\/www.safersurfing.org\/loveismore-sk\/wp-content\/uploads\/sites\/22\/2018\/09\/victor-freitas_800_500_unsplash_kBn.jpg 800w\" sizes=\"(min-width: 2200px) 100vw, (min-width: 784px) 363px, (min-width: 712px) 545px, (min-width: 640px) 712px, \" \/>\t\t\t<\/a>\n\t\t\t\t\t\t\t<\/div>\n<\/li>\n\t\t\t\n\t\t\t\n\t\t\t\t\t\t\t\t\t\t\t\t\t\t\t\t\t\t\t\t\t\t\t\t\t\t\t\t\t\t\t\t\t\t\t\t\t\t\t\t\t\t\t\t\t\t\t\t\t\t\t\t\t\t\t\t\t\t\t\t\t\t\t\t\t\t\t\t<\/ul>\n\t<\/div>\n\t<div class=\"fusion-post-content-wrapper\" style=\"padding:40px 40px 40px 40px;\"><div class=\"fusion-post-content post-content\"><h2 class=\"blog-shortcode-post-title entry-title\"><a href=\"https:\/\/www.safersurfing.org\/loveismore-sk\/sexualna-triezvost-nestaci\/\">Sexu\u00e1lna triezvost nestac\u00ed<\/a><\/h2><div class=\"fusion-content-sep sep-none\"><\/div><div class=\"fusion-post-content-container\"><p>Sexu\u00e1lna triezvos\u0165 a \u010distota \u2013 Sloboda od \u017eiadostivosti<\/p><\/div><\/div><div class=\"fusion-meta-info\"><div class=\"fusion-aligncenter\"><a class=\"fusion-read-more\" href=\"https:\/\/www.safersurfing.org\/loveismore-sk\/sexualna-triezvost-nestaci\/\" aria-label=\"More on Sexu\u00e1lna triezvost nestac\u00ed\">Preberi ve\u010d<\/a><\/div><\/div><\/div><div class=\"fusion-clearfix\"><\/div><\/div>\n<\/article>\n<article id=\"blog-1-post-3576\" class=\"fusion-post-grid post-3576 post type-post status-publish format-standard has-post-thumbnail hentry category-pomoc-s-pornografiou\">\n<div class=\"fusion-post-wrapper\" style=\"background-color:rgba(210,225,248,1);border:1px solid #ffffff;border-bottom-width:3px;\">\n\n\t\t\t<div class=\"fusion-flexslider flexslider fusion-flexslider-loading fusion-post-slideshow\" style=\"border-color:#ffffff;\">\n\t\t<ul class=\"slides\">\n\t\t\t\n\t\t\t\t\t\t\t\t\t\t\t\t\t\t<li><div  class=\"fusion-image-wrapper\" aria-haspopup=\"true\">\n\t\t\t\t\t\t\t<a href=\"https:\/\/www.safersurfing.org\/loveismore-sk\/vodcovia-a-pornografia\/\" aria-label=\"Vodcovia a pornografia\">\n\t\t\t\t\t\t\t<img decoding=\"async\" width=\"800\" height=\"500\" src=\"https:\/\/www.safersurfing.org\/loveismore-sk\/wp-content\/uploads\/sites\/22\/2018\/09\/ben-white-148430-unsplash_800_500.jpg\" class=\"attachment-full size-full wp-post-image\" alt=\"\" srcset=\"https:\/\/www.safersurfing.org\/loveismore-sk\/wp-content\/uploads\/sites\/22\/2018\/09\/ben-white-148430-unsplash_800_500-200x125.jpg 200w, https:\/\/www.safersurfing.org\/loveismore-sk\/wp-content\/uploads\/sites\/22\/2018\/09\/ben-white-148430-unsplash_800_500-400x250.jpg 400w, https:\/\/www.safersurfing.org\/loveismore-sk\/wp-content\/uploads\/sites\/22\/2018\/09\/ben-white-148430-unsplash_800_500-600x375.jpg 600w, https:\/\/www.safersurfing.org\/loveismore-sk\/wp-content\/uploads\/sites\/22\/2018\/09\/ben-white-148430-unsplash_800_500.jpg 800w\" sizes=\"(min-width: 2200px) 100vw, (min-width: 784px) 363px, (min-width: 712px) 545px, (min-width: 640px) 712px, \" \/>\t\t\t<\/a>\n\t\t\t\t\t\t\t<\/div>\n<\/li>\n\t\t\t\n\t\t\t\n\t\t\t\t\t\t\t\t\t\t\t\t\t\t\t\t\t\t\t\t\t\t\t\t\t\t\t\t\t\t\t\t\t\t\t\t\t\t\t\t\t\t\t\t\t\t\t\t\t\t\t\t\t\t\t\t\t\t\t\t\t\t\t\t\t\t\t\t<\/ul>\n\t<\/div>\n\t<div class=\"fusion-post-content-wrapper\" style=\"padding:40px 40px 40px 40px;\"><div class=\"fusion-post-content post-content\"><h2 class=\"blog-shortcode-post-title entry-title\"><a href=\"https:\/\/www.safersurfing.org\/loveismore-sk\/vodcovia-a-pornografia\/\">Vodcovia a pornografia<\/a><\/h2><div class=\"fusion-content-sep sep-none\"><\/div><div class=\"fusion-post-content-container\"><p>Pornografia a v\u00fdzva pre sl\u00fa\u017eiacich vodcov<\/p><\/div><\/div><div class=\"fusion-meta-info\"><div class=\"fusion-aligncenter\"><a class=\"fusion-read-more\" href=\"https:\/\/www.safersurfing.org\/loveismore-sk\/vodcovia-a-pornografia\/\" aria-label=\"More on Vodcovia a pornografia\">Preberi ve\u010d<\/a><\/div><\/div><\/div><div class=\"fusion-clearfix\"><\/div><\/div>\n<\/article>\n<div class=\"fusion-clearfix\"><\/div><\/div><\/div><div class=\"fusion-separator fusion-full-width-sep\" style=\"align-self: center;margin-left: auto;margin-right: auto;margin-top:35px;width:100%;\"><\/div><div style=\"text-align:center;\"><a class=\"fusion-button button-flat fusion-button-default-size button-custom fusion-button-default button-1 fusion-button-default-span fusion-button-default-type\" style=\"--button_accent_color:#ffffff;--button_accent_hover_color:#ffffff;--button_border_hover_color:#ffffff;--button_gradient_top_color:#4797a0;--button_gradient_bottom_color:#4797a0;--button_gradient_top_color_hover:#4e6e88;--button_gradient_bottom_color_hover:#4e6e88;\" target=\"_self\" href=\"https:\/\/www.safersurfing.org\/loveismore-sk\/category\/pomoc-s-pornografiou\/\"><span class=\"fusion-button-text awb-button__text awb-button__text--default\">V\u0161etky pr\u00edspevky<\/span><\/a><\/div><\/div><\/div><\/div><\/div><div class=\"fusion-fullwidth fullwidth-box fusion-builder-row-3 fusion-flex-container nonhundred-percent-fullwidth non-hundred-percent-height-scrolling\" style=\"--awb-border-radius-top-left:0px;--awb-border-radius-top-right:0px;--awb-border-radius-bottom-right:0px;--awb-border-radius-bottom-left:0px;--awb-margin-top:6%;--awb-margin-bottom:6%;--awb-background-color:#d2e1f8;--awb-flex-wrap:wrap;\" ><div class=\"fusion-builder-row fusion-row fusion-flex-align-items-flex-start fusion-flex-content-wrap\" style=\"max-width:calc( 1170px + 0px );margin-left: calc(-0px \/ 2 );margin-right: calc(-0px \/ 2 );\"><div class=\"fusion-layout-column fusion_builder_column fusion-builder-column-2 fusion_builder_column_1_1 1_1 fusion-flex-column\" style=\"--awb-bg-size:cover;--awb-width-large:100%;--awb-margin-top-large:6%;--awb-spacing-right-large:0px;--awb-margin-bottom-large:4%;--awb-spacing-left-large:0px;--awb-width-medium:100%;--awb-spacing-right-medium:0px;--awb-spacing-left-medium:0px;--awb-width-small:100%;--awb-spacing-right-small:0px;--awb-spacing-left-small:0px;\"><div class=\"fusion-column-wrapper fusion-flex-justify-content-flex-start fusion-content-layout-column\"><div class=\"fusion-text fusion-text-3\"><h2 class=\"flush-top\">Nie si s\u00e1m<\/h2>\n<\/div><div class=\"fusion-separator fusion-full-width-sep\" style=\"align-self: center;margin-left: auto;margin-right: auto;margin-top:35px;width:100%;\"><\/div><div class=\"fusion-blog-shortcode fusion-blog-shortcode-2 fusion-blog-archive fusion-blog-layout-grid-wrapper fusion-blog-infinite fusion-blog-no-images\"><style type=\"text\/css\">.fusion-blog-shortcode-2 .fusion-blog-layout-grid .fusion-post-grid{padding:20px;}.fusion-blog-shortcode-2 .fusion-posts-container{margin-left: -20px !important; margin-right:-20px !important;}<\/style><div class=\"fusion-posts-container fusion-posts-container-infinite fusion-posts-container-load-more fusion-no-meta-info fusion-blog-layout-grid fusion-blog-layout-grid-3 isotope\" data-pages=\"3\" data-grid-col-space=\"40\" style=\"margin: -20px -20px 0;min-height:500px;\"><article id=\"blog-2-post-3689\" class=\"fusion-post-grid post-3689 post type-post status-publish format-standard has-post-thumbnail hentry category-stories\">\n<div class=\"fusion-post-wrapper\" style=\"background-color:rgba(255,255,255,1);border:1px solid #ffffff;border-bottom-width:3px;\"><div class=\"fusion-post-content-wrapper\" style=\"padding:40px 40px 40px 40px;\"><div class=\"fusion-post-content post-content\"><h2 class=\"blog-shortcode-post-title entry-title\"><a href=\"https:\/\/www.safersurfing.org\/loveismore-sk\/konstantin-2\/\">Konstantin<\/a><\/h2><div class=\"fusion-post-content-container\"><p>Konstantin pr\u00edbeh o sexualite, Stimul, Pote\u0161enie a naplnenie<\/p><\/div><\/div><\/div><div class=\"fusion-clearfix\"><\/div><\/div>\n<\/article>\n<article id=\"blog-2-post-3517\" class=\"fusion-post-grid post-3517 post type-post status-publish format-standard has-post-thumbnail hentry category-stories\">\n<div class=\"fusion-post-wrapper\" style=\"background-color:rgba(255,255,255,1);border:1px solid #ffffff;border-bottom-width:3px;\"><div class=\"fusion-post-content-wrapper\" style=\"padding:40px 40px 40px 40px;\"><div class=\"fusion-post-content post-content\"><h2 class=\"blog-shortcode-post-title entry-title\"><a href=\"https:\/\/www.safersurfing.org\/loveismore-sk\/carls-story\/\">Carl<\/a><\/h2><div class=\"fusion-post-content-container\"><p>Mu\u017ei a \u017eeny o opusten\u00ed pornografie<\/p><\/div><\/div><\/div><div class=\"fusion-clearfix\"><\/div><\/div>\n<\/article>\n<article id=\"blog-2-post-3515\" class=\"fusion-post-grid post-3515 post type-post status-publish format-standard has-post-thumbnail hentry category-stories\">\n<div class=\"fusion-post-wrapper\" style=\"background-color:rgba(255,255,255,1);border:1px solid #ffffff;border-bottom-width:3px;\"><div class=\"fusion-post-content-wrapper\" style=\"padding:40px 40px 40px 40px;\"><div class=\"fusion-post-content post-content\"><h2 class=\"blog-shortcode-post-title entry-title\"><a href=\"https:\/\/www.safersurfing.org\/loveismore-sk\/lindas-story\/\">Linda<\/a><\/h2><div class=\"fusion-post-content-container\"><p>Man\u017eelia pozeraj\u00fa na kan\u00e1li Playboy na in\u00e9 \u017eeny<\/p><\/div><\/div><\/div><div class=\"fusion-clearfix\"><\/div><\/div>\n<\/article>\n<div class=\"fusion-clearfix\"><\/div><\/div><div class=\"fusion-infinite-scroll-trigger\"><\/div><div class=\"pagination infinite-scroll clearfix\" style=\"display:none;\"><span class=\"current\">1<\/span><a href=\"https:\/\/www.safersurfing.org\/loveismore-sk\/wp-json\/wp\/v2\/pages\/2919\/page\/2\/\" class=\"inactive\">2<\/a><a class=\"pagination-next\" rel=\"next\" href=\"https:\/\/www.safersurfing.org\/loveismore-sk\/wp-json\/wp\/v2\/pages\/2919\/page\/2\/\"><span class=\"page-text\">Next<\/span><span class=\"page-next\"><\/span><\/a><\/div><div class=\"fusion-clearfix\"><\/div><button class=\"fusion-load-more-button fusion-blog-button fusion-clearfix\">Load More Posts<\/button><\/div><\/div><\/div><\/div><\/div><\/p>\n","protected":false},"excerpt":{"rendered":"","protected":false},"author":1,"featured_media":0,"parent":0,"menu_order":0,"comment_status":"closed","ping_status":"open","template":"100-width.php","meta":{"footnotes":""},"class_list":["post-2919","page","type-page","status-publish","hentry"],"yoast_head":"<!-- This site is optimized with the Yoast SEO Premium plugin v27.0 (Yoast SEO v27.0) - https:\/\/yoast.com\/product\/yoast-seo-premium-wordpress\/ -->\n<title>Pomoc s pornografiou - LOVE IS MORE (Slovensk\u00fd)<\/title>\n<meta name=\"robots\" content=\"index, follow, max-snippet:-1, max-image-preview:large, max-video-preview:-1\" \/>\n<link rel=\"canonical\" href=\"https:\/\/www.safersurfing.org\/loveismore-sk\/pomoc-s-pornografiou\/\" \/>\n<meta property=\"og:locale\" content=\"sl_SI\" \/>\n<meta property=\"og:type\" content=\"article\" \/>\n<meta property=\"og:title\" content=\"Pomoc s pornografiou\" \/>\n<meta property=\"og:url\" content=\"https:\/\/www.safersurfing.org\/loveismore-sk\/pomoc-s-pornografiou\/\" \/>\n<meta property=\"og:site_name\" content=\"LOVE IS MORE (Slovensk\u00fd)\" \/>\n<meta property=\"article:publisher\" content=\"https:\/\/www.facebook.com\/loveismore.org\/\" \/>\n<meta property=\"article:modified_time\" content=\"2019-02-12T09:56:49+00:00\" \/>\n<meta name=\"twitter:card\" content=\"summary_large_image\" \/>\n<meta name=\"twitter:label1\" content=\"Est. reading time\" \/>\n\t<meta name=\"twitter:data1\" content=\"5 minut\" \/>\n<script type=\"application\/ld+json\" class=\"yoast-schema-graph\">{\"@context\":\"https:\/\/schema.org\",\"@graph\":[{\"@type\":\"WebPage\",\"@id\":\"https:\/\/www.safersurfing.org\/loveismore-sk\/pomoc-s-pornografiou\/\",\"url\":\"https:\/\/www.safersurfing.org\/loveismore-sk\/pomoc-s-pornografiou\/\",\"name\":\"Pomoc s pornografiou - LOVE IS MORE (Slovensk\u00fd)\",\"isPartOf\":{\"@id\":\"https:\/\/www.safersurfing.org\/loveismore-sk\/#website\"},\"datePublished\":\"2018-07-17T16:01:37+00:00\",\"dateModified\":\"2019-02-12T09:56:49+00:00\",\"breadcrumb\":{\"@id\":\"https:\/\/www.safersurfing.org\/loveismore-sk\/pomoc-s-pornografiou\/#breadcrumb\"},\"inLanguage\":\"sl-SI\",\"potentialAction\":[{\"@type\":\"ReadAction\",\"target\":[\"https:\/\/www.safersurfing.org\/loveismore-sk\/pomoc-s-pornografiou\/\"]}]},{\"@type\":\"BreadcrumbList\",\"@id\":\"https:\/\/www.safersurfing.org\/loveismore-sk\/pomoc-s-pornografiou\/#breadcrumb\",\"itemListElement\":[{\"@type\":\"ListItem\",\"position\":1,\"name\":\"Startseite\",\"item\":\"https:\/\/www.safersurfing.org\/loveismore-sk\/\"},{\"@type\":\"ListItem\",\"position\":2,\"name\":\"Pomoc s pornografiou\"}]},{\"@type\":\"WebSite\",\"@id\":\"https:\/\/www.safersurfing.org\/loveismore-sk\/#website\",\"url\":\"https:\/\/www.safersurfing.org\/loveismore-sk\/\",\"name\":\"Love is more\",\"description\":\"\",\"potentialAction\":[{\"@type\":\"SearchAction\",\"target\":{\"@type\":\"EntryPoint\",\"urlTemplate\":\"https:\/\/www.safersurfing.org\/loveismore-sk\/?s={search_term_string}\"},\"query-input\":{\"@type\":\"PropertyValueSpecification\",\"valueRequired\":true,\"valueName\":\"search_term_string\"}}],\"inLanguage\":\"sl-SI\"}]}<\/script>\n<!-- \/ Yoast SEO Premium plugin. -->","yoast_head_json":{"title":"Pomoc s pornografiou - LOVE IS MORE (Slovensk\u00fd)","robots":{"index":"index","follow":"follow","max-snippet":"max-snippet:-1","max-image-preview":"max-image-preview:large","max-video-preview":"max-video-preview:-1"},"canonical":"https:\/\/www.safersurfing.org\/loveismore-sk\/pomoc-s-pornografiou\/","og_locale":"sl_SI","og_type":"article","og_title":"Pomoc s pornografiou","og_url":"https:\/\/www.safersurfing.org\/loveismore-sk\/pomoc-s-pornografiou\/","og_site_name":"LOVE IS MORE (Slovensk\u00fd)","article_publisher":"https:\/\/www.facebook.com\/loveismore.org\/","article_modified_time":"2019-02-12T09:56:49+00:00","twitter_card":"summary_large_image","twitter_misc":{"Est. reading time":"5 minut"},"schema":{"@context":"https:\/\/schema.org","@graph":[{"@type":"WebPage","@id":"https:\/\/www.safersurfing.org\/loveismore-sk\/pomoc-s-pornografiou\/","url":"https:\/\/www.safersurfing.org\/loveismore-sk\/pomoc-s-pornografiou\/","name":"Pomoc s pornografiou - LOVE IS MORE (Slovensk\u00fd)","isPartOf":{"@id":"https:\/\/www.safersurfing.org\/loveismore-sk\/#website"},"datePublished":"2018-07-17T16:01:37+00:00","dateModified":"2019-02-12T09:56:49+00:00","breadcrumb":{"@id":"https:\/\/www.safersurfing.org\/loveismore-sk\/pomoc-s-pornografiou\/#breadcrumb"},"inLanguage":"sl-SI","potentialAction":[{"@type":"ReadAction","target":["https:\/\/www.safersurfing.org\/loveismore-sk\/pomoc-s-pornografiou\/"]}]},{"@type":"BreadcrumbList","@id":"https:\/\/www.safersurfing.org\/loveismore-sk\/pomoc-s-pornografiou\/#breadcrumb","itemListElement":[{"@type":"ListItem","position":1,"name":"Startseite","item":"https:\/\/www.safersurfing.org\/loveismore-sk\/"},{"@type":"ListItem","position":2,"name":"Pomoc s pornografiou"}]},{"@type":"WebSite","@id":"https:\/\/www.safersurfing.org\/loveismore-sk\/#website","url":"https:\/\/www.safersurfing.org\/loveismore-sk\/","name":"Love is more","description":"","potentialAction":[{"@type":"SearchAction","target":{"@type":"EntryPoint","urlTemplate":"https:\/\/www.safersurfing.org\/loveismore-sk\/?s={search_term_string}"},"query-input":{"@type":"PropertyValueSpecification","valueRequired":true,"valueName":"search_term_string"}}],"inLanguage":"sl-SI"}]}},"_links":{"self":[{"href":"https:\/\/www.safersurfing.org\/loveismore-sk\/wp-json\/wp\/v2\/pages\/2919","targetHints":{"allow":["GET"]}}],"collection":[{"href":"https:\/\/www.safersurfing.org\/loveismore-sk\/wp-json\/wp\/v2\/pages"}],"about":[{"href":"https:\/\/www.safersurfing.org\/loveismore-sk\/wp-json\/wp\/v2\/types\/page"}],"author":[{"embeddable":true,"href":"https:\/\/www.safersurfing.org\/loveismore-sk\/wp-json\/wp\/v2\/users\/1"}],"replies":[{"embeddable":true,"href":"https:\/\/www.safersurfing.org\/loveismore-sk\/wp-json\/wp\/v2\/comments?post=2919"}],"version-history":[{"count":0,"href":"https:\/\/www.safersurfing.org\/loveismore-sk\/wp-json\/wp\/v2\/pages\/2919\/revisions"}],"wp:attachment":[{"href":"https:\/\/www.safersurfing.org\/loveismore-sk\/wp-json\/wp\/v2\/media?parent=2919"}],"curies":[{"name":"wp","href":"https:\/\/api.w.org\/{rel}","templated":true}]}}